{"id":4467,"date":"2018-02-20T14:05:35","date_gmt":"2018-02-20T13:05:35","guid":{"rendered":"http:\/\/localhost:8888\/wordpress\/?page_id=4467"},"modified":"2024-10-25T09:33:57","modified_gmt":"2024-10-25T07:33:57","slug":"moto-au-feminin","status":"publish","type":"page","link":"https:\/\/www.icasque.com\/liveloveride\/pratiquer-la-moto\/moto-au-feminin\/","title":{"rendered":"Moto au f\u00e9minin"},"content":{"rendered":"\t\t<div data-elementor-type=\"wp-post\" data-elementor-id=\"4467\" class=\"elementor elementor-4467\">\n\t\t\t\t\t\t<section class=\"elementor-section elementor-top-section elementor-element elementor-element-4774146 elementor-section-boxed elementor-section-height-default elementor-section-height-default\" data-id=\"4774146\" data-element_type=\"section\" data-e-type=\"section\">\n\t\t\t\t\t\t<div class=\"elementor-container elementor-column-gap-default\">\n\t\t\t\t\t<div class=\"elementor-column elementor-col-100 elementor-top-column elementor-element elementor-element-a9f9765\" data-id=\"a9f9765\" data-element_type=\"column\" data-e-type=\"column\">\n\t\t\t<div class=\"elementor-widget-wrap elementor-element-populated\">\n\t\t\t\t\t\t<div class=\"elementor-element elementor-element-77912fa elementor-widget elementor-widget-heading\" data-id=\"77912fa\" data-element_type=\"widget\" data-e-type=\"widget\" data-widget_type=\"heading.default\">\n\t\t\t\t<div class=\"elementor-widget-container\">\n\t\t\t\t\t<h2 class=\"elementor-heading-title elementor-size-default\">La moto au f\u00e9minin, une rubrique d\u00e9di\u00e9e aux motardes <\/h2>\t\t\t\t<\/div>\n\t\t\t\t<\/div>\n\t\t\t\t<div class=\"elementor-element elementor-element-434eb1e elementor-widget elementor-widget-spacer\" data-id=\"434eb1e\" data-element_type=\"widget\" data-e-type=\"widget\" data-widget_type=\"spacer.default\">\n\t\t\t\t<div class=\"elementor-widget-container\">\n\t\t\t\t\t\t\t<div class=\"elementor-spacer\">\n\t\t\t<div class=\"elementor-spacer-inner\"><\/div>\n\t\t<\/div>\n\t\t\t\t\t\t<\/div>\n\t\t\t\t<\/div>\n\t\t\t\t<div class=\"elementor-element elementor-element-63f96b4 elementor-widget elementor-widget-text-editor\" data-id=\"63f96b4\" data-element_type=\"widget\" data-e-type=\"widget\" data-widget_type=\"text-editor.default\">\n\t\t\t\t<div class=\"elementor-widget-container\">\n\t\t\t\t\t\t\t\t\t<p>L&#8217;\u00e9poque o\u00f9 la moto \u00e9tait r\u00e9serv\u00e9e \u00e0 la gente masculine est belle et bien r\u00e9volue ! Aujourd&#8217;hui les femmes sont de plus en plus repr\u00e9sent\u00e9es dans ce secteur que ce soit sur route, circuit et m\u00eame en comp\u00e9tition.<\/p><p>Alors oui, souvent dot\u00e9es d&#8217;un gabarit plus petit, plus l\u00e9ger et d&#8217;une morphologie plus fine, \u00eatre motarde n\u00e9cessite de bien choisir sa moto et son \u00e9quipement pour rouler \u00e0 son aise et en toute s\u00e9curit\u00e9. Equimentiers moto et constructeurs ne n\u00e9gligent pas la gente f\u00e9minine et les motardes ont d\u00e9sormais du choix pour s&#8217;\u00e9quiper avec style et pour trouver une monture adapt\u00e9e qu&#8217;elles pourront rapidement dompter.<\/p><p>Dans cette rubrique, les motardes sont \u00e0 l&#8217;honneur ! Conseils pour passer le permis moto ou choisir une b\u00e9cane adapt\u00e9e, portraits de motardes qui nous ont bluff\u00e9, \u00e9mu ou fait rire ou encore reviews sur les derniers <a href=\"https:\/\/www.icasque.com\/Casque-moto\/femme\/\">\u00e9quipements moto pour femmes, <\/a>ici c&#8217;est la rubrique pour les motardes fi\u00e8res de l&#8217;\u00eatre !<\/p>\t\t\t\t\t\t\t\t<\/div>\n\t\t\t\t<\/div>\n\t\t\t\t<div class=\"elementor-element elementor-element-2018114 elementor-widget-divider--view-line elementor-widget elementor-widget-divider\" data-id=\"2018114\" data-element_type=\"widget\" data-e-type=\"widget\" data-widget_type=\"divider.default\">\n\t\t\t\t<div class=\"elementor-widget-container\">\n\t\t\t\t\t\t\t<div class=\"elementor-divider\">\n\t\t\t<span class=\"elementor-divider-separator\">\n\t\t\t\t\t\t<\/span>\n\t\t<\/div>\n\t\t\t\t\t\t<\/div>\n\t\t\t\t<\/div>\n\t\t\t\t\t<\/div>\n\t\t<\/div>\n\t\t\t\t\t<\/div>\n\t\t<\/section>\n\t\t\t\t<\/div>\n\t\t","protected":false},"excerpt":{"rendered":"<p>La moto au f\u00e9minin, une rubrique d\u00e9di\u00e9e aux motardes L&#8217;\u00e9poque o\u00f9 la moto \u00e9tait r\u00e9serv\u00e9e \u00e0 la gente masculine est belle et bien r\u00e9volue ! Aujourd&#8217;hui les femmes sont de plus en plus repr\u00e9sent\u00e9es dans ce secteur que ce soit sur route, circuit et m\u00eame en comp\u00e9tition. Alors oui, souvent dot\u00e9es d&#8217;un gabarit plus petit, [&hellip;]<\/p>\n","protected":false},"author":6,"featured_media":5205,"parent":4,"menu_order":0,"comment_status":"closed","ping_status":"closed","template":"","meta":{"_lmt_disableupdate":"","_lmt_disable":"","footnotes":""},"class_list":["post-4467","page","type-page","status-publish","has-post-thumbnail","hentry"],"yoast_head":"<!-- This site is optimized with the Yoast SEO plugin v27.3 - https:\/\/yoast.com\/product\/yoast-seo-wordpress\/ -->\n<title>Pratiquer la moto en tant que femme : conseils, astuces et dossiers sp\u00e9cial motardes<\/title>\n<meta name=\"description\" content=\"De plus en plus de femmes pratiquent la moto et on s&#039;en r\u00e9jouit ! Nous avons donc consacr\u00e9 un rubrique du blog aux motardes qui nous \u00e9patent tout les jours pour parler permis, \u00e9quipement moto, choix de b\u00e9cane ! Vous aussi vous \u00eates motardes et vous souhaitez raconter votre exp\u00e9rience ? Contactez nous.\" \/>\n<meta name=\"robots\" content=\"index, follow, max-snippet:-1, max-image-preview:large, max-video-preview:-1\" \/>\n<link rel=\"canonical\" href=\"https:\/\/www.icasque.com\/liveloveride\/pratiquer-la-moto\/moto-au-feminin\/\" \/>\n<meta property=\"og:locale\" content=\"fr_FR\" \/>\n<meta property=\"og:type\" content=\"article\" \/>\n<meta property=\"og:title\" content=\"Pratiquer la moto en tant que femme : conseils, astuces et dossiers sp\u00e9cial motardes\" \/>\n<meta property=\"og:description\" content=\"De plus en plus de femmes pratiquent la moto et on s&#039;en r\u00e9jouit ! Nous avons donc consacr\u00e9 un rubrique du blog aux motardes qui nous \u00e9patent tout les jours pour parler permis, \u00e9quipement moto, choix de b\u00e9cane ! Vous aussi vous \u00eates motardes et vous souhaitez raconter votre exp\u00e9rience ? Contactez nous.\" \/>\n<meta property=\"og:url\" content=\"https:\/\/www.icasque.com\/liveloveride\/pratiquer-la-moto\/moto-au-feminin\/\" \/>\n<meta property=\"og:site_name\" content=\"Le blog iCasque\" \/>\n<meta property=\"article:modified_time\" content=\"2024-10-25T07:33:57+00:00\" \/>\n<meta property=\"og:image\" content=\"https:\/\/www.icasque.com\/liveloveride\/wp-content\/uploads\/2018\/02\/De-plus-en-plus-de-fille-sur-la-piste.jpg\" \/>\n\t<meta property=\"og:image:width\" content=\"2560\" \/>\n\t<meta property=\"og:image:height\" content=\"1536\" \/>\n\t<meta property=\"og:image:type\" content=\"image\/jpeg\" \/>\n<meta name=\"twitter:card\" content=\"summary_large_image\" \/>\n<meta name=\"twitter:label1\" content=\"Dur\u00e9e de lecture estim\u00e9e\" \/>\n\t<meta name=\"twitter:data1\" content=\"1 minute\" \/>\n<script type=\"application\/ld+json\" class=\"yoast-schema-graph\">{\"@context\":\"https:\\\/\\\/schema.org\",\"@graph\":[{\"@type\":\"WebPage\",\"@id\":\"https:\\\/\\\/www.icasque.com\\\/liveloveride\\\/pratiquer-la-moto\\\/moto-au-feminin\\\/\",\"url\":\"https:\\\/\\\/www.icasque.com\\\/liveloveride\\\/pratiquer-la-moto\\\/moto-au-feminin\\\/\",\"name\":\"Pratiquer la moto en tant que femme : conseils, astuces et dossiers sp\u00e9cial motardes\",\"isPartOf\":{\"@id\":\"https:\\\/\\\/www.icasque.com\\\/liveloveride\\\/#website\"},\"primaryImageOfPage\":{\"@id\":\"https:\\\/\\\/www.icasque.com\\\/liveloveride\\\/pratiquer-la-moto\\\/moto-au-feminin\\\/#primaryimage\"},\"image\":{\"@id\":\"https:\\\/\\\/www.icasque.com\\\/liveloveride\\\/pratiquer-la-moto\\\/moto-au-feminin\\\/#primaryimage\"},\"thumbnailUrl\":\"https:\\\/\\\/www.icasque.com\\\/liveloveride\\\/wp-content\\\/uploads\\\/2018\\\/02\\\/De-plus-en-plus-de-fille-sur-la-piste.jpg\",\"datePublished\":\"2018-02-20T13:05:35+00:00\",\"dateModified\":\"2024-10-25T07:33:57+00:00\",\"description\":\"De plus en plus de femmes pratiquent la moto et on s'en r\u00e9jouit ! Nous avons donc consacr\u00e9 un rubrique du blog aux motardes qui nous \u00e9patent tout les jours pour parler permis, \u00e9quipement moto, choix de b\u00e9cane ! Vous aussi vous \u00eates motardes et vous souhaitez raconter votre exp\u00e9rience ? Contactez nous.\",\"breadcrumb\":{\"@id\":\"https:\\\/\\\/www.icasque.com\\\/liveloveride\\\/pratiquer-la-moto\\\/moto-au-feminin\\\/#breadcrumb\"},\"inLanguage\":\"fr-FR\",\"potentialAction\":[{\"@type\":\"ReadAction\",\"target\":[\"https:\\\/\\\/www.icasque.com\\\/liveloveride\\\/pratiquer-la-moto\\\/moto-au-feminin\\\/\"]}]},{\"@type\":\"ImageObject\",\"inLanguage\":\"fr-FR\",\"@id\":\"https:\\\/\\\/www.icasque.com\\\/liveloveride\\\/pratiquer-la-moto\\\/moto-au-feminin\\\/#primaryimage\",\"url\":\"https:\\\/\\\/www.icasque.com\\\/liveloveride\\\/wp-content\\\/uploads\\\/2018\\\/02\\\/De-plus-en-plus-de-fille-sur-la-piste.jpg\",\"contentUrl\":\"https:\\\/\\\/www.icasque.com\\\/liveloveride\\\/wp-content\\\/uploads\\\/2018\\\/02\\\/De-plus-en-plus-de-fille-sur-la-piste.jpg\",\"width\":2560,\"height\":1536,\"caption\":\"De plus en plus de fille sur la piste\"},{\"@type\":\"BreadcrumbList\",\"@id\":\"https:\\\/\\\/www.icasque.com\\\/liveloveride\\\/pratiquer-la-moto\\\/moto-au-feminin\\\/#breadcrumb\",\"itemListElement\":[{\"@type\":\"ListItem\",\"position\":1,\"name\":\"Accueil\",\"item\":\"https:\\\/\\\/www.icasque.com\\\/liveloveride\\\/\"},{\"@type\":\"ListItem\",\"position\":2,\"name\":\"Pratiquer la moto\",\"item\":\"https:\\\/\\\/www.icasque.com\\\/liveloveride\\\/pratiquer-la-moto\\\/\"},{\"@type\":\"ListItem\",\"position\":3,\"name\":\"Moto au f\u00e9minin\"}]},{\"@type\":\"WebSite\",\"@id\":\"https:\\\/\\\/www.icasque.com\\\/liveloveride\\\/#website\",\"url\":\"https:\\\/\\\/www.icasque.com\\\/liveloveride\\\/\",\"name\":\"Le blog iCasque\",\"description\":\"Le blog moto\",\"publisher\":{\"@id\":\"https:\\\/\\\/www.icasque.com\\\/liveloveride\\\/#organization\"},\"potentialAction\":[{\"@type\":\"SearchAction\",\"target\":{\"@type\":\"EntryPoint\",\"urlTemplate\":\"https:\\\/\\\/www.icasque.com\\\/liveloveride\\\/?s={search_term_string}\"},\"query-input\":{\"@type\":\"PropertyValueSpecification\",\"valueRequired\":true,\"valueName\":\"search_term_string\"}}],\"inLanguage\":\"fr-FR\"},{\"@type\":\"Organization\",\"@id\":\"https:\\\/\\\/www.icasque.com\\\/liveloveride\\\/#organization\",\"name\":\"ICC\",\"url\":\"https:\\\/\\\/www.icasque.com\\\/liveloveride\\\/\",\"logo\":{\"@type\":\"ImageObject\",\"inLanguage\":\"fr-FR\",\"@id\":\"https:\\\/\\\/www.icasque.com\\\/liveloveride\\\/#\\\/schema\\\/logo\\\/image\\\/\",\"url\":\"https:\\\/\\\/www.icasque.com\\\/liveloveride\\\/wp-content\\\/uploads\\\/2018\\\/02\\\/logo-icasque_1200x1200-e1519038889300.jpg\",\"contentUrl\":\"https:\\\/\\\/www.icasque.com\\\/liveloveride\\\/wp-content\\\/uploads\\\/2018\\\/02\\\/logo-icasque_1200x1200-e1519038889300.jpg\",\"width\":150,\"height\":150,\"caption\":\"ICC\"},\"image\":{\"@id\":\"https:\\\/\\\/www.icasque.com\\\/liveloveride\\\/#\\\/schema\\\/logo\\\/image\\\/\"}}]}<\/script>\n<!-- \/ Yoast SEO plugin. -->","yoast_head_json":{"title":"Pratiquer la moto en tant que femme : conseils, astuces et dossiers sp\u00e9cial motardes","description":"De plus en plus de femmes pratiquent la moto et on s'en r\u00e9jouit ! Nous avons donc consacr\u00e9 un rubrique du blog aux motardes qui nous \u00e9patent tout les jours pour parler permis, \u00e9quipement moto, choix de b\u00e9cane ! Vous aussi vous \u00eates motardes et vous souhaitez raconter votre exp\u00e9rience ? Contactez nous.","robots":{"index":"index","follow":"follow","max-snippet":"max-snippet:-1","max-image-preview":"max-image-preview:large","max-video-preview":"max-video-preview:-1"},"canonical":"https:\/\/www.icasque.com\/liveloveride\/pratiquer-la-moto\/moto-au-feminin\/","og_locale":"fr_FR","og_type":"article","og_title":"Pratiquer la moto en tant que femme : conseils, astuces et dossiers sp\u00e9cial motardes","og_description":"De plus en plus de femmes pratiquent la moto et on s'en r\u00e9jouit ! Nous avons donc consacr\u00e9 un rubrique du blog aux motardes qui nous \u00e9patent tout les jours pour parler permis, \u00e9quipement moto, choix de b\u00e9cane ! Vous aussi vous \u00eates motardes et vous souhaitez raconter votre exp\u00e9rience ? Contactez nous.","og_url":"https:\/\/www.icasque.com\/liveloveride\/pratiquer-la-moto\/moto-au-feminin\/","og_site_name":"Le blog iCasque","article_modified_time":"2024-10-25T07:33:57+00:00","og_image":[{"width":2560,"height":1536,"url":"https:\/\/www.icasque.com\/liveloveride\/wp-content\/uploads\/2018\/02\/De-plus-en-plus-de-fille-sur-la-piste.jpg","type":"image\/jpeg"}],"twitter_card":"summary_large_image","twitter_misc":{"Dur\u00e9e de lecture estim\u00e9e":"1 minute"},"schema":{"@context":"https:\/\/schema.org","@graph":[{"@type":"WebPage","@id":"https:\/\/www.icasque.com\/liveloveride\/pratiquer-la-moto\/moto-au-feminin\/","url":"https:\/\/www.icasque.com\/liveloveride\/pratiquer-la-moto\/moto-au-feminin\/","name":"Pratiquer la moto en tant que femme : conseils, astuces et dossiers sp\u00e9cial motardes","isPartOf":{"@id":"https:\/\/www.icasque.com\/liveloveride\/#website"},"primaryImageOfPage":{"@id":"https:\/\/www.icasque.com\/liveloveride\/pratiquer-la-moto\/moto-au-feminin\/#primaryimage"},"image":{"@id":"https:\/\/www.icasque.com\/liveloveride\/pratiquer-la-moto\/moto-au-feminin\/#primaryimage"},"thumbnailUrl":"https:\/\/www.icasque.com\/liveloveride\/wp-content\/uploads\/2018\/02\/De-plus-en-plus-de-fille-sur-la-piste.jpg","datePublished":"2018-02-20T13:05:35+00:00","dateModified":"2024-10-25T07:33:57+00:00","description":"De plus en plus de femmes pratiquent la moto et on s'en r\u00e9jouit ! Nous avons donc consacr\u00e9 un rubrique du blog aux motardes qui nous \u00e9patent tout les jours pour parler permis, \u00e9quipement moto, choix de b\u00e9cane ! Vous aussi vous \u00eates motardes et vous souhaitez raconter votre exp\u00e9rience ? Contactez nous.","breadcrumb":{"@id":"https:\/\/www.icasque.com\/liveloveride\/pratiquer-la-moto\/moto-au-feminin\/#breadcrumb"},"inLanguage":"fr-FR","potentialAction":[{"@type":"ReadAction","target":["https:\/\/www.icasque.com\/liveloveride\/pratiquer-la-moto\/moto-au-feminin\/"]}]},{"@type":"ImageObject","inLanguage":"fr-FR","@id":"https:\/\/www.icasque.com\/liveloveride\/pratiquer-la-moto\/moto-au-feminin\/#primaryimage","url":"https:\/\/www.icasque.com\/liveloveride\/wp-content\/uploads\/2018\/02\/De-plus-en-plus-de-fille-sur-la-piste.jpg","contentUrl":"https:\/\/www.icasque.com\/liveloveride\/wp-content\/uploads\/2018\/02\/De-plus-en-plus-de-fille-sur-la-piste.jpg","width":2560,"height":1536,"caption":"De plus en plus de fille sur la piste"},{"@type":"BreadcrumbList","@id":"https:\/\/www.icasque.com\/liveloveride\/pratiquer-la-moto\/moto-au-feminin\/#breadcrumb","itemListElement":[{"@type":"ListItem","position":1,"name":"Accueil","item":"https:\/\/www.icasque.com\/liveloveride\/"},{"@type":"ListItem","position":2,"name":"Pratiquer la moto","item":"https:\/\/www.icasque.com\/liveloveride\/pratiquer-la-moto\/"},{"@type":"ListItem","position":3,"name":"Moto au f\u00e9minin"}]},{"@type":"WebSite","@id":"https:\/\/www.icasque.com\/liveloveride\/#website","url":"https:\/\/www.icasque.com\/liveloveride\/","name":"Le blog iCasque","description":"Le blog moto","publisher":{"@id":"https:\/\/www.icasque.com\/liveloveride\/#organization"},"potentialAction":[{"@type":"SearchAction","target":{"@type":"EntryPoint","urlTemplate":"https:\/\/www.icasque.com\/liveloveride\/?s={search_term_string}"},"query-input":{"@type":"PropertyValueSpecification","valueRequired":true,"valueName":"search_term_string"}}],"inLanguage":"fr-FR"},{"@type":"Organization","@id":"https:\/\/www.icasque.com\/liveloveride\/#organization","name":"ICC","url":"https:\/\/www.icasque.com\/liveloveride\/","logo":{"@type":"ImageObject","inLanguage":"fr-FR","@id":"https:\/\/www.icasque.com\/liveloveride\/#\/schema\/logo\/image\/","url":"https:\/\/www.icasque.com\/liveloveride\/wp-content\/uploads\/2018\/02\/logo-icasque_1200x1200-e1519038889300.jpg","contentUrl":"https:\/\/www.icasque.com\/liveloveride\/wp-content\/uploads\/2018\/02\/logo-icasque_1200x1200-e1519038889300.jpg","width":150,"height":150,"caption":"ICC"},"image":{"@id":"https:\/\/www.icasque.com\/liveloveride\/#\/schema\/logo\/image\/"}}]}},"_links":{"self":[{"href":"https:\/\/www.icasque.com\/liveloveride\/wp-json\/wp\/v2\/pages\/4467","targetHints":{"allow":["GET"]}}],"collection":[{"href":"https:\/\/www.icasque.com\/liveloveride\/wp-json\/wp\/v2\/pages"}],"about":[{"href":"https:\/\/www.icasque.com\/liveloveride\/wp-json\/wp\/v2\/types\/page"}],"author":[{"embeddable":true,"href":"https:\/\/www.icasque.com\/liveloveride\/wp-json\/wp\/v2\/users\/6"}],"replies":[{"embeddable":true,"href":"https:\/\/www.icasque.com\/liveloveride\/wp-json\/wp\/v2\/comments?post=4467"}],"version-history":[{"count":7,"href":"https:\/\/www.icasque.com\/liveloveride\/wp-json\/wp\/v2\/pages\/4467\/revisions"}],"predecessor-version":[{"id":12554,"href":"https:\/\/www.icasque.com\/liveloveride\/wp-json\/wp\/v2\/pages\/4467\/revisions\/12554"}],"up":[{"embeddable":true,"href":"https:\/\/www.icasque.com\/liveloveride\/wp-json\/wp\/v2\/pages\/4"}],"wp:featuredmedia":[{"embeddable":true,"href":"https:\/\/www.icasque.com\/liveloveride\/wp-json\/wp\/v2\/media\/5205"}],"wp:attachment":[{"href":"https:\/\/www.icasque.com\/liveloveride\/wp-json\/wp\/v2\/media?parent=4467"}],"curies":[{"name":"wp","href":"https:\/\/api.w.org\/{rel}","templated":true}]}}