{"id":5884,"date":"2018-04-04T10:03:37","date_gmt":"2018-04-04T08:03:37","guid":{"rendered":"https:\/\/blog.icasque.com\/?page_id=5884"},"modified":"2024-02-19T12:18:12","modified_gmt":"2024-02-19T11:18:12","slug":"about","status":"publish","type":"page","link":"https:\/\/www.icasque.com\/liveloveride\/about\/","title":{"rendered":"Le blog iCasque.com"},"content":{"rendered":"<h5><img fetchpriority=\"high\" decoding=\"async\" class=\"alignleft size-medium wp-image-5889\" src=\"https:\/\/www.icasque.com\/liveloveride\/wp-content\/uploads\/2018\/04\/Carbu-content-262x300.jpg\" alt=\"Avec un carbu \u00e0 la place du coeur\" width=\"262\" height=\"300\" srcset=\"https:\/\/www.icasque.com\/liveloveride\/wp-content\/uploads\/2018\/04\/Carbu-content-262x300.jpg 262w, https:\/\/www.icasque.com\/liveloveride\/wp-content\/uploads\/2018\/04\/Carbu-content-320x366.jpg 320w, https:\/\/www.icasque.com\/liveloveride\/wp-content\/uploads\/2018\/04\/Carbu-content.jpg 500w\" sizes=\"(max-width: 262px) 100vw, 262px\" \/>Avec un carbu \u00e0\u00a0la place du coeur,<\/h5>\n<p>du sans plomb dans les veines et une poign\u00e9e d&#8217;angle pour taper du texte la team iCasque.com se lance dans un blog enti\u00e8rement d\u00e9di\u00e9 \u00e0\u00a0l&#8217;univers de la b\u00e9cane. Un si\u00e8cle de passion m\u00e9ritait bien de vous faire partager notre engouement pour le deux-roues. Chez iCasque.com l&#8217;arbre g\u00e9n\u00e9alogique de la famille ressemble \u00e0 une fourche de moto. Jugez plut\u00f4t :<\/p>\n<p>P\u00e9p\u00e9 \u00ab cambouis \u00bb a su transformer dans les ann\u00e9es 60 son modeste atelier de la rue Barla \u00e0 Nice en une des plus grandes concessions de motos Honda en France. Ensuite, ses 2 enfants ont naturellement continu\u00e9 l&#8217;activit\u00e9 avant de lui rendre hommage \u00e0 travers la cr\u00e9ation d&#8217;un mus\u00e9e de la moto r\u00e9unissant pas moins de 60 b\u00e9canes Terrot, Dollar, Dresch, Magnat Debon, Motob\u00e9cane&#8230;.dont les plus anciennes datent des ann\u00e9es 1910 ! Enfin, la derni\u00e8re g\u00e9n\u00e9ration des petits-enfants, adepte des nouvelles technologies, est tout simplement \u00e0\u00a0 l&#8217;origine de la cr\u00e9ation d&#8217;iCasque.com un des leaders europ\u00e9ens en mati\u00e8re d&#8217;\u00e9quipement de moto en ligne.<\/p>\n<p>Une belle ligne droite pilot\u00e9e par une passion commune autour du deux-roues que nous souhaitons partager librement sur cet espace.<\/p>\n<p>La team iCasque.com<\/p>\n","protected":false},"excerpt":{"rendered":"<p>Avec un carbu \u00e0\u00a0la place du coeur, du sans plomb dans les veines et une poign\u00e9e d&#8217;angle pour taper du texte la team iCasque.com se lance dans un blog enti\u00e8rement d\u00e9di\u00e9 \u00e0\u00a0l&#8217;univers de la b\u00e9cane. Un si\u00e8cle de passion m\u00e9ritait bien de vous faire partager notre engouement pour le deux-roues. Chez iCasque.com l&#8217;arbre g\u00e9n\u00e9alogique de [&hellip;]<\/p>\n","protected":false},"author":6,"featured_media":0,"parent":0,"menu_order":0,"comment_status":"closed","ping_status":"closed","template":"","meta":{"_lmt_disableupdate":"","_lmt_disable":"","footnotes":""},"class_list":["post-5884","page","type-page","status-publish","hentry"],"yoast_head":"<!-- This site is optimized with the Yoast SEO plugin v27.6 - https:\/\/yoast.com\/product\/yoast-seo-wordpress\/ -->\n<title>Le blog iCasque.com<\/title>\n<meta name=\"robots\" content=\"index, follow, max-snippet:-1, max-image-preview:large, max-video-preview:-1\" \/>\n<link rel=\"canonical\" href=\"https:\/\/www.icasque.com\/liveloveride\/about\/\" \/>\n<meta property=\"og:locale\" content=\"fr_FR\" \/>\n<meta property=\"og:type\" content=\"article\" \/>\n<meta property=\"og:title\" content=\"Le blog iCasque.com\" \/>\n<meta property=\"og:description\" content=\"Avec un carbu \u00e0\u00a0la place du coeur, du sans plomb dans les veines et une poign\u00e9e d&#8217;angle pour taper du texte la team iCasque.com se lance dans un blog enti\u00e8rement d\u00e9di\u00e9 \u00e0\u00a0l&#8217;univers de la b\u00e9cane. Un si\u00e8cle de passion m\u00e9ritait bien de vous faire partager notre engouement pour le deux-roues. Chez iCasque.com l&#8217;arbre g\u00e9n\u00e9alogique de [&hellip;]\" \/>\n<meta property=\"og:url\" content=\"https:\/\/www.icasque.com\/liveloveride\/about\/\" \/>\n<meta property=\"og:site_name\" content=\"Le blog iCasque\" \/>\n<meta property=\"article:modified_time\" content=\"2024-02-19T11:18:12+00:00\" \/>\n<meta property=\"og:image\" content=\"https:\/\/www.icasque.com\/liveloveride\/wp-content\/uploads\/2018\/04\/Carbu-content-262x300.jpg\" \/>\n<meta name=\"twitter:card\" content=\"summary_large_image\" \/>\n<meta name=\"twitter:label1\" content=\"Dur\u00e9e de lecture estim\u00e9e\" \/>\n\t<meta name=\"twitter:data1\" content=\"1 minute\" \/>\n<script type=\"application\/ld+json\" class=\"yoast-schema-graph\">{\"@context\":\"https:\\\/\\\/schema.org\",\"@graph\":[{\"@type\":\"WebPage\",\"@id\":\"https:\\\/\\\/www.icasque.com\\\/liveloveride\\\/about\\\/\",\"url\":\"https:\\\/\\\/www.icasque.com\\\/liveloveride\\\/about\\\/\",\"name\":\"Le blog iCasque.com\",\"isPartOf\":{\"@id\":\"https:\\\/\\\/www.icasque.com\\\/liveloveride\\\/#website\"},\"primaryImageOfPage\":{\"@id\":\"https:\\\/\\\/www.icasque.com\\\/liveloveride\\\/about\\\/#primaryimage\"},\"image\":{\"@id\":\"https:\\\/\\\/www.icasque.com\\\/liveloveride\\\/about\\\/#primaryimage\"},\"thumbnailUrl\":\"https:\\\/\\\/www.icasque.com\\\/liveloveride\\\/wp-content\\\/uploads\\\/2018\\\/04\\\/Carbu-content-262x300.jpg\",\"datePublished\":\"2018-04-04T08:03:37+00:00\",\"dateModified\":\"2024-02-19T11:18:12+00:00\",\"breadcrumb\":{\"@id\":\"https:\\\/\\\/www.icasque.com\\\/liveloveride\\\/about\\\/#breadcrumb\"},\"inLanguage\":\"fr-FR\",\"potentialAction\":[{\"@type\":\"ReadAction\",\"target\":[\"https:\\\/\\\/www.icasque.com\\\/liveloveride\\\/about\\\/\"]}]},{\"@type\":\"ImageObject\",\"inLanguage\":\"fr-FR\",\"@id\":\"https:\\\/\\\/www.icasque.com\\\/liveloveride\\\/about\\\/#primaryimage\",\"url\":\"https:\\\/\\\/www.icasque.com\\\/liveloveride\\\/wp-content\\\/uploads\\\/2018\\\/04\\\/Carbu-content.jpg\",\"contentUrl\":\"https:\\\/\\\/www.icasque.com\\\/liveloveride\\\/wp-content\\\/uploads\\\/2018\\\/04\\\/Carbu-content.jpg\",\"width\":500,\"height\":572,\"caption\":\"Carbu content\"},{\"@type\":\"BreadcrumbList\",\"@id\":\"https:\\\/\\\/www.icasque.com\\\/liveloveride\\\/about\\\/#breadcrumb\",\"itemListElement\":[{\"@type\":\"ListItem\",\"position\":1,\"name\":\"Accueil\",\"item\":\"https:\\\/\\\/www.icasque.com\\\/liveloveride\\\/\"},{\"@type\":\"ListItem\",\"position\":2,\"name\":\"Le blog iCasque.com\"}]},{\"@type\":\"WebSite\",\"@id\":\"https:\\\/\\\/www.icasque.com\\\/liveloveride\\\/#website\",\"url\":\"https:\\\/\\\/www.icasque.com\\\/liveloveride\\\/\",\"name\":\"Le blog iCasque\",\"description\":\"Le blog moto\",\"publisher\":{\"@id\":\"https:\\\/\\\/www.icasque.com\\\/liveloveride\\\/#organization\"},\"potentialAction\":[{\"@type\":\"SearchAction\",\"target\":{\"@type\":\"EntryPoint\",\"urlTemplate\":\"https:\\\/\\\/www.icasque.com\\\/liveloveride\\\/?s={search_term_string}\"},\"query-input\":{\"@type\":\"PropertyValueSpecification\",\"valueRequired\":true,\"valueName\":\"search_term_string\"}}],\"inLanguage\":\"fr-FR\"},{\"@type\":\"Organization\",\"@id\":\"https:\\\/\\\/www.icasque.com\\\/liveloveride\\\/#organization\",\"name\":\"ICC\",\"url\":\"https:\\\/\\\/www.icasque.com\\\/liveloveride\\\/\",\"logo\":{\"@type\":\"ImageObject\",\"inLanguage\":\"fr-FR\",\"@id\":\"https:\\\/\\\/www.icasque.com\\\/liveloveride\\\/#\\\/schema\\\/logo\\\/image\\\/\",\"url\":\"https:\\\/\\\/www.icasque.com\\\/liveloveride\\\/wp-content\\\/uploads\\\/2018\\\/02\\\/logo-icasque_1200x1200-e1519038889300.jpg\",\"contentUrl\":\"https:\\\/\\\/www.icasque.com\\\/liveloveride\\\/wp-content\\\/uploads\\\/2018\\\/02\\\/logo-icasque_1200x1200-e1519038889300.jpg\",\"width\":150,\"height\":150,\"caption\":\"ICC\"},\"image\":{\"@id\":\"https:\\\/\\\/www.icasque.com\\\/liveloveride\\\/#\\\/schema\\\/logo\\\/image\\\/\"}}]}<\/script>\n<!-- \/ Yoast SEO plugin. -->","yoast_head_json":{"title":"Le blog iCasque.com","robots":{"index":"index","follow":"follow","max-snippet":"max-snippet:-1","max-image-preview":"max-image-preview:large","max-video-preview":"max-video-preview:-1"},"canonical":"https:\/\/www.icasque.com\/liveloveride\/about\/","og_locale":"fr_FR","og_type":"article","og_title":"Le blog iCasque.com","og_description":"Avec un carbu \u00e0\u00a0la place du coeur, du sans plomb dans les veines et une poign\u00e9e d&#8217;angle pour taper du texte la team iCasque.com se lance dans un blog enti\u00e8rement d\u00e9di\u00e9 \u00e0\u00a0l&#8217;univers de la b\u00e9cane. Un si\u00e8cle de passion m\u00e9ritait bien de vous faire partager notre engouement pour le deux-roues. Chez iCasque.com l&#8217;arbre g\u00e9n\u00e9alogique de [&hellip;]","og_url":"https:\/\/www.icasque.com\/liveloveride\/about\/","og_site_name":"Le blog iCasque","article_modified_time":"2024-02-19T11:18:12+00:00","og_image":[{"url":"https:\/\/www.icasque.com\/liveloveride\/wp-content\/uploads\/2018\/04\/Carbu-content-262x300.jpg","type":"","width":"","height":""}],"twitter_card":"summary_large_image","twitter_misc":{"Dur\u00e9e de lecture estim\u00e9e":"1 minute"},"schema":{"@context":"https:\/\/schema.org","@graph":[{"@type":"WebPage","@id":"https:\/\/www.icasque.com\/liveloveride\/about\/","url":"https:\/\/www.icasque.com\/liveloveride\/about\/","name":"Le blog iCasque.com","isPartOf":{"@id":"https:\/\/www.icasque.com\/liveloveride\/#website"},"primaryImageOfPage":{"@id":"https:\/\/www.icasque.com\/liveloveride\/about\/#primaryimage"},"image":{"@id":"https:\/\/www.icasque.com\/liveloveride\/about\/#primaryimage"},"thumbnailUrl":"https:\/\/www.icasque.com\/liveloveride\/wp-content\/uploads\/2018\/04\/Carbu-content-262x300.jpg","datePublished":"2018-04-04T08:03:37+00:00","dateModified":"2024-02-19T11:18:12+00:00","breadcrumb":{"@id":"https:\/\/www.icasque.com\/liveloveride\/about\/#breadcrumb"},"inLanguage":"fr-FR","potentialAction":[{"@type":"ReadAction","target":["https:\/\/www.icasque.com\/liveloveride\/about\/"]}]},{"@type":"ImageObject","inLanguage":"fr-FR","@id":"https:\/\/www.icasque.com\/liveloveride\/about\/#primaryimage","url":"https:\/\/www.icasque.com\/liveloveride\/wp-content\/uploads\/2018\/04\/Carbu-content.jpg","contentUrl":"https:\/\/www.icasque.com\/liveloveride\/wp-content\/uploads\/2018\/04\/Carbu-content.jpg","width":500,"height":572,"caption":"Carbu content"},{"@type":"BreadcrumbList","@id":"https:\/\/www.icasque.com\/liveloveride\/about\/#breadcrumb","itemListElement":[{"@type":"ListItem","position":1,"name":"Accueil","item":"https:\/\/www.icasque.com\/liveloveride\/"},{"@type":"ListItem","position":2,"name":"Le blog iCasque.com"}]},{"@type":"WebSite","@id":"https:\/\/www.icasque.com\/liveloveride\/#website","url":"https:\/\/www.icasque.com\/liveloveride\/","name":"Le blog iCasque","description":"Le blog moto","publisher":{"@id":"https:\/\/www.icasque.com\/liveloveride\/#organization"},"potentialAction":[{"@type":"SearchAction","target":{"@type":"EntryPoint","urlTemplate":"https:\/\/www.icasque.com\/liveloveride\/?s={search_term_string}"},"query-input":{"@type":"PropertyValueSpecification","valueRequired":true,"valueName":"search_term_string"}}],"inLanguage":"fr-FR"},{"@type":"Organization","@id":"https:\/\/www.icasque.com\/liveloveride\/#organization","name":"ICC","url":"https:\/\/www.icasque.com\/liveloveride\/","logo":{"@type":"ImageObject","inLanguage":"fr-FR","@id":"https:\/\/www.icasque.com\/liveloveride\/#\/schema\/logo\/image\/","url":"https:\/\/www.icasque.com\/liveloveride\/wp-content\/uploads\/2018\/02\/logo-icasque_1200x1200-e1519038889300.jpg","contentUrl":"https:\/\/www.icasque.com\/liveloveride\/wp-content\/uploads\/2018\/02\/logo-icasque_1200x1200-e1519038889300.jpg","width":150,"height":150,"caption":"ICC"},"image":{"@id":"https:\/\/www.icasque.com\/liveloveride\/#\/schema\/logo\/image\/"}}]}},"_links":{"self":[{"href":"https:\/\/www.icasque.com\/liveloveride\/wp-json\/wp\/v2\/pages\/5884","targetHints":{"allow":["GET"]}}],"collection":[{"href":"https:\/\/www.icasque.com\/liveloveride\/wp-json\/wp\/v2\/pages"}],"about":[{"href":"https:\/\/www.icasque.com\/liveloveride\/wp-json\/wp\/v2\/types\/page"}],"author":[{"embeddable":true,"href":"https:\/\/www.icasque.com\/liveloveride\/wp-json\/wp\/v2\/users\/6"}],"replies":[{"embeddable":true,"href":"https:\/\/www.icasque.com\/liveloveride\/wp-json\/wp\/v2\/comments?post=5884"}],"version-history":[{"count":11,"href":"https:\/\/www.icasque.com\/liveloveride\/wp-json\/wp\/v2\/pages\/5884\/revisions"}],"predecessor-version":[{"id":12264,"href":"https:\/\/www.icasque.com\/liveloveride\/wp-json\/wp\/v2\/pages\/5884\/revisions\/12264"}],"wp:attachment":[{"href":"https:\/\/www.icasque.com\/liveloveride\/wp-json\/wp\/v2\/media?parent=5884"}],"curies":[{"name":"wp","href":"https:\/\/api.w.org\/{rel}","templated":true}]}}